 15 = 0. What is the remainder when f is divided by 4/(-10) - o/(-25)?
13
Suppose -40 = -3*x - 13. Calculate the remainder when 34 is divided by x.
7
Suppose -2*u = -6 - 6. Let h be (-1)/((3 - u)/15). Suppose -l = -h*x - 14 - 4, -5*l + 30 = -5*x. What is the remainder when 6 is divided by l?
0
Suppose z + 16 = 4*f, 2*z - 7*z - 3*f = -35. Suppose 3 - 24 = -3*s. Calculate the remainder when s is divided by z.
3
Let z = 11 - 9. What is the remainder when 41 is divided by (-1 - 13/(-2))*z?
8
Suppose u - r + 4*r = -26, -5*u = 4*r + 119. Let i = 207 + u. Suppose -3*l - i = -5*c, 5*l - 35 = -3*c + 89. What is the remainder when c is divided by 13?
12
Let w = -67 + 86. Suppose 6*k - 34 = 5*k. Calculate the remainder when k is divided by w.
15
Suppose -2*v = n + 25, 4*n = -5*v - 69 - 16. Let f(g) = -g - 3. What is the remainder when 47 is divided by f(n)?
11
Let n = 122 - 86. Calculate the remainder when 141 is divided by n.
33
Let p(c) = -c + 25. Calculate the remainder when 32 is divided by p(8).
15
Let n = 169 + -85. Suppose -4*v + 16 = -n. What is the remainder when v is divided by 13?
12
Let u = -22 + 21. What is the remainder when 1 + (u - -7 - 0) is divided by 2?
1
Suppose 4*y + 4 = 5*w, -3*w - 18 = 5*y - 6*w. Let l be (-84)/10*(y + 1). What is the remainder when 3 + 2*-1 + l is divided by 15?
13
Suppose 0*x - 6 = 3*x, 3*r - 1 = 2*x. Suppose 4*d - 46 = 54. Calculate the remainder when d is divided by 15 + (2 - (-4)/r).
12
Suppose -3*g + 50 = 8. Suppose -16 = -2*r - 4*h, -3*h - 105 = 4*r - 9*r. Calculate the remainder when 6/(-21) - (-480)/g is divided by r.
16
Let t = -3 + 8. Calculate the remainder when (21/(-4))/((-9)/12) is divided by t.
2
Suppose -5*m + 2*h + 32 = -3*m, -12 = 3*h. Suppose -3*u + 84 = -3*j - 51, -187 = -4*u - 3*j. What is the remainder when u is divided by m?
10
What is the remainder when (-206)/(-6)*3/1 is divided by 26?
25
Suppose x + 0*x - 20 = 0. Suppose 5*y + 17 = -8. Let g = y + 16. What is the remainder when x is divided by g?
9
Let o(w) = w**2 + 9*w + 7. Let q = -30 + 21. What is the remainder when 19 is divided by o(q)?
5
Let z = 27 - -1. Suppose -12*p = -17*p + 5. What is the remainder when z is divided by p/1*50/5?
8
Suppose -5*g - 3*f = 13, f + 6 = -5*g + 5*f. What is the remainder when 51 is divided by g/2 - (-38)/2?
15
Suppose 5*u = 3*l + 24, 3*u = 2*u + l + 6. Suppose 7*a = 6*a + 36. Suppose v = 2*t - 29, a + 13 = u*t + 4*v. Calculate the remainder when 29 is divided by t.
14
Let p = 7 - 5. Suppose p*l = -6, -4*x - x = 4*l - 18. Let b(j) = j**2 - j - 4. Calculate the remainder when x is divided by b(3).
0
What is the remainder when 19 is divided by (4/(-6))/(1/(-18))?
7
What is the remainder when 31 is divided by 1 - ((-7)/2)/((-6)/(-12))?
7
Suppose h - 281 = -4*t - 0*h, 145 = 2*t + 5*h. Let r = 41 + -23. Calculate the remainder when t is divided by r.
16
Suppose 0 = -4*j + j + 9. What is the remainder when 4 is divided by j?
1
Suppose 5*s + 40 = 10*s. Let i(t) = t + 1. Calculate the remainder when 17 is divided by i(s).
8
What is the remainder when (3 - (3 - -1))*-26 is divided by 14?
12
Let y(d) = d + 13. What is the remainder when 36 is divided by y(-3)?
6
Suppose 5*s - 4 = 3*i + 8, -s - 3*i + 6 = 0. Suppose -11 = -4*d - s. Suppose 2*w - 1 = -p, -w + 3*w - 10 = -4*p. What is the remainder when p is divided by d?
1
Let y(j) = -j**3 + 6*j**2 - 4*j + 8. What is the remainder when 90 is divided by y(5)?
12
Suppose -5*h - 11 = 4, u = 4*h + 36. Let g(i) = 3*i**3 - 3*i**2 + 1. Calculate the remainder when u is divided by g(2).
11
Calculate the remainder when 69 is divided by (18/5)/(24/160).
21
Let j = 15 - -22. Calculate the remainder when j is divided by 10.
7
Let n = 191 + -97. What is the remainder when n is divided by 16?
14
Let a(l) = 38*l**3 - 1. Let j be a(1). Let p = -27 + j. What is the remainder when (-17)/2*-1*2 is divided by p?
7
Let k be (-47)/(-7) + (-12)/(-42). Let y = k - 4. Calculate the remainder when y is divided by ((-3)/2)/(1/(-2)).
0
Suppose -3*j + 12 = -j. Let n = -4 + j. Suppose -n*t = -0*t - 4*u - 24, 2*u - 36 = -5*t. Calculate the remainder when t is divided by 5.
3
Suppose 2*u + 10 = 3*u. Let g = -23 + 52. What is the remainder when g is divided by u?
9
Suppose -2*h + 21 = 5. Let v = -41 - -63. What is the remainder when v is divided by h?
6
Let r be (2 - -1) + -3 + -10. Let t = -6 - r. What is the remainder when 7 is divided by t?
3
What is the remainder when 30/10 + (-2 - (-21 - 0)) is divided by 6?
4
Suppose -5*o = 16 + 4. Let t be 2*2/o - -4. Suppose 5*m - t = 7. Calculate the remainder when 7 is divided by m.
1
Let u = 88 + -77. Let n(q) = 20*q + 3. Let i be n(3). Suppose -61 - i = -4*z. Calculate the remainder when z is divided by u.
9
Let w = 79 + -47. Let n = w + -22. What is the remainder when 17 is divided by n?
7
Let f(n) = 10*n + 5. Let z be f(6). Suppose 4*q = 4*v + z + 71, -2*q + 4*v + 74 = 0. Let p(g) = 7*g - 3. What is the remainder when q is divided by p(2)?
9
Let c be -2*(-1 + 0) - -28. Let h = c + -17. What is the remainder when h is divided by 7?
6
Suppose 85 = 21*a - 16*a. What is the remainder when a is divided by 3?
2
Let c = -7 + 11. Suppose -8 = 2*o - c*o + 4*z, -8 = -4*z. Calculate the remainder when 30 is divided by o.
6
Suppose 5*q + 4*p - 259 + 44 = 0, -q + 5*p = -14. What is the remainder when 115 is divided by q?
37
Suppose -3*m = m - 64. Let k = -41 - -25. Let z = 25 + k. What is the remainder when m is divided by z?
7
Suppose -q - 4*j + 4 = 0, 6*q - 45 = q + 5*j. What is the remainder when 31 is divided by q?
7
Let n(w) = w**3 - w**2 + 5*w - 6. What is the remainder when n(3) is divided by 14?
13
Suppose 3*l = 2*u - 0*l - 58, 87 = 3*u - 4*l. Calculate the remainder when u is divided by 9.
2
Let w(p) = 3*p**3 + 7*p**2 + p + 6. Let o(y) = 2*y**3 + 5*y**2 + y + 4. Let r(t) = -7*o(t) + 5*w(t). Calculate the remainder when 15 is divided by r(2).
3
Suppose 5 = y, -4*x - y + 9 + 12 = 0. Suppose -z = 1 - 3. Calculate the remainder when x is divided by z.
0
Let w(z) = -16*z + 2. Suppose s + 2*s - 39 = 0. What is the remainder when w(-3) is divided by s?
11
Let r = 105 - 71. What is the remainder when r is divided by 18?
16
Let d(w) = -w**2 + 11*w - 6. Let m(s) = -s**3 - 6*s**2 + 6*s + 7. Let v be m(-7). Let z be (v/3)/(4/6). What is the remainder when d(z) is divided by 12?
10
Let g = -5 + 9. Suppose 2*l - g*j - 32 = -2*l, -4*j - 4 = 0. Let p = l + 20. Calculate the remainder when 53 is divided by p.
26
Suppose -k + 6*k - 255 = 0. Let a = 84 + -58. What is the remainder when k is divided by a?
25
Let v(a) = a**3 + a**2 - a + 5. Suppose 6*s - 2*s = 16. Suppose -5*u + 1 = -4, s*z - 4*u - 32 = 0. What is the remainder when z is divided by v(0)?
4
What is the remainder when ((-3)/(-6) + -1)*-54 is divided by 6?
3
Let s = 3 + -16. Let d = 32 + s. Calculate the remainder when d is divided by 11.
8
Let y(w) = w + 6. What is the remainder when 53 is divided by y(5)?
9
Let t = -9 + 12. Suppose y - 20 = 51. Suppose -3*a = -2*a + t*x - 29, 3*a - y = -x. What is the remainder when a is divided by 8?
7
Let j be (1/(-2))/((-1)/10). Suppose j*f = -5*d + 75, -d + 2*d = -5*f + 95. Suppose f = -2*x + 7*x. Calculate the remainder when x is divided by 3.
1
Let p = -54 - -76. Calculate the remainder when 42 is divided by p.
20
Let c = 7 + -7. Calculate the remainder when c + (-2)/(2/(-9)) is divided by 4.
1
Suppose 0*i = -3*i + 120. Let j(h) = 14*h**2 + h + 1. Let y be j(-1). Suppose -42 = -4*d + y. What is the remainder when i is divided by d?
12
Let y(h) = -12*h. Let z be (4/(-10))/((-4)/(-20)). Let a(m) = -m**3 - 6*m**2 - 3*m - 5. What is the remainder when y(z) is divided by a(-6)?
11
Let x(g) = -g**3 - 9*g**2 - 3*g - 10. Let v be x(-9). Suppose -4*y = o - 11 - v, -12 = -3*o. Calculate the remainder when 44 is divided by (-45)/y*(-1 - 1).
14
Let r(t) = t**3 - t**2 - 2*t - 2. What is the remainder when 16 is divided by r(3)?
6
Suppose 0 = -b - 20 + 39. Calculate the remainder when 71 is divided by b.
14
Suppose -h - h + 12 = 0. What is the remainder when 11 is divided by h?
5
Suppose -2*f - h + 66 = -503, 0 = 5*f - 5*h - 1460. Suppose 27 - f = -4*a. Suppose 2*n - a = -3*n. Calculate the remainder when 24 is divided by n.
11
What is the remainder when ((-3)/27*3)/((-1)/201) is 